73. What is f(-3)?
-103
Let r(o) = 33*o**2 - 5388*o - 16459. Determine r(-3).
2
Let r(s) = s**3 - 64*s**2 - 131*s + 2873. What is r(6)?
-1
Let l(m) = m**3 - 85*m**2 - 544*m - 109. Determine l(91).
73
Let f(u) = 43*u**2 + 104*u - 281. What is f(4)?
823
Let g(y) = -2345*y - 98485. Calculate g(-42).
5
Let k(n) = n**3 + 190*n**2 + 5998*n - 96. Give k(-40).
-16
Let s(t) = -4*t**2 + 2014*t - 24464. Determine s(491).
86
Let o(p) = -62*p**2 - 866*p - 1722. What is o(-2)?
-238
Let u(n) = 98*n**3 + 16*n**2 + 47*n - 149. What is u(3)?
2782
Let h(r) = 11*r**3 + 6*r**2 - 207*r + 201. What is h(1)?
11
Let c(l) = 38*l**2 + 1689*l + 54. Determine c(-45).
999
Let c(b) = -9*b**2 + 399*b - 1870. Give c(5).
-100
Let a(k) = -6*k**2 - 591*k + 13169. Give a(22).
-2737
Let f(x) = 2*x**3 - 520*x**2 + 4042*x - 2530. Give f(252).
-10
Let t(u) = -u**2 + 534*u + 3219. What is t(-6)?
-21
Let x(v) = v**3 + 5204*v**2 + 62297*v - 100. Give x(-12).
-16
Let y(f) = 5*f**2 - 123*f + 766. What is y(7)?
150
Let y(b) = 988*b**2 + 64222*b + 191. Determine y(-65).
61
Let f(b) = b**3 - 37*b**2 - 37*b + 1455. Calculate f(37).
86
Let p(s) = -4*s**2 - 81*s + 906. Give p(-33).
-777
Let s(k) = 5*k**2 - 114*k + 225. What is s(19)?
-136
Let v(h) = -2*h**3 + 251*h**2 - 288*h + 20369. What is v(125)?
-6
Let m(r) = -1020*r**2 - 29579*r + 62. Give m(-29).
33
Let h(t) = 209526*t + 5028616. Calculate h(-24).
-8
Let s(u) = 6*u**3 - 23*u**2 - 26*u + 172. Calculate s(4).
84
Let m(h) = -h**3 + 11*h**2 - 20*h + 1853. Give m(16).
253
Let w(t) = 21117*t + 60329. Give w(-3).
-3022
Let v(q) = 3*q**2 - 197*q - 3173. Give v(79).
-13
Let b(u) = 1455*u - 20605. Give b(14).
-235
Let r(q) = -2390*q + 31074. Calculate r(13).
4
Let n(f) = -f**3 + 99*f**2 - 342*f + 33933. Determine n(99).
75
Let r(z) = z**2 + 256*z + 18201. What is r(-178)?
4317
Let g(a) = a**3 + 161*a**2 + 48*a + 7191. Determine g(-161).
-537
Let o(q) = -q**3 + 50*q**2 - 79*q + 1438. Give o(49).
-32
Let f(b) = 1209*b + 4681. What is f(-4)?
-155
Let u(x) = x**2 + 2423*x + 1251965. What is u(-747)?
-7
Let u(d) = -8201*d + 3510070. What is u(428)?
42
Let w(f) = -f**3 + 2*f**2 + 384*f + 1716. Give w(-5).
-29
Let z(j) = -254*j - 49659. What is z(-196)?
125
Let i(g) = g**2 + 1605*g + 45104. Determine i(-29).
-600
Let v(p) = -54*p**2 - 4984*p + 3526. What is v(-93)?
-8
Let b(x) = -24960*x - 249583. Give b(-10).
17
Let v(u) = 188282*u - 188280. Calculate v(1).
2
Let z(w) = w**3 + 12*w**2 + 2*w + 193. Calculate z(-12).
169
Let q(z) = 146*z**3 + 92*z**2 - 89*z + 7. Determine q(1).
156
Let k(t) = -18*t**2 + 6*t + 3468. Determine k(14).
24
Let d(i) = 3*i**3 - 121*i**2 - 36*i + 3026. Give d(40).
-14
Let x(c) = 2*c**2 - 555*c - 8774. Determine x(-15).
1
Let y(x) = -35*x**2 - 922*x + 2849. Give y(3).
-232
Let x(z) = z**2 - 545*z + 6890. Give x(13).
-26
Let g(z) = -181*z**2 - 6903*z - 7585. Determine g(-37).
37
Let a(n) = 2*n**3 - 78*n**2 + 156*n + 999. Give a(37).
1295
Let o(w) = -39*w**2 - 648*w - 2449. Give o(-6).
35
Let y(x) = 754*x**2 + 55794*x + 47. Calculate y(-74).
195
Let b(t) = 11690*t - 129290. Determine b(11).
-700
Let v(h) = -h**2 - 933*h - 128514. Calculate v(-168).
6
Let y(h) = -555*h + 10817. What is y(20)?
-283
Let z(u) = -32472*u + 162471. Give z(5).
111
Let c(b) = -35339*b - 8976108. Determine c(-254).
-2
Let a(c) = -1938*c + 935990. Give a(483).
-64
Let o(r) = 44784*r + 268550. What is o(-6)?
-154
Let o(m) = -30736*m + 153700. What is o(5)?
20
Let t(b) = -365*b**2 + 316*b + 779. Calculate t(2).
-49
Let o(v) = -v**3 + 454*v**2 - 38075*v + 690. Give o(343).
4
Let a(c) = c**3 - 65*c**2 + 374*c + 2413. Calculate a(57).
-2261
Let y(t) = 4*t**3 + 590*t**2 + 296*t + 241. Give y(-147).
-53
Let m(f) = 29304*f - 1699737. Give m(58).
-105
Let t(r) = r**3 - 209*r**2 + 23*r + 38483. Give t(208).
3
Let v(n) = 3*n**3 - 31*n**2 - 31*n + 58. Determine v(-2).
-28
Let l(h) = 47867*h + 6940714. Calculate l(-145).
-1
Let q(n) = n**2 + 95*n - 1192. Calculate q(-105).
-142
Let s(j) = 15*j**2 + 917*j + 138. Calculate s(-61).
16
Let z(l) = 2*l**3 - 183*l**2 + 480*l - 3050. Give z(89).
65
Let l(h) = -4*h**2 - 27*h - 303. Determine l(20).
-2443
Let q(m) = -2*m**2 + 219*m + 4310. What is q(-17)?
9
Let n(a) = 394*a - 6808. Give n(17).
-110
Let z(w) = 2*w**3 - 183*w**2 - 4653*w + 7500. What is z(-22)?
-2
Let y(r) = -r**3 + 1331*r**2 + 24344*r - 83650. Calculate y(1349).
-12
Let q(b) = 115*b + 98. Give q(2).
328
Let o(q) = q**3 + 493*q**2 - 527*q - 16318. Determine o(-494).
-16
Let s(u) = u**3 - 191*u**2 - 2234*u - 112. What is s(-11)?
20
Let d(z) = 3*z**3 - 117*z**2 + 406*z + 186. Determine d(35).
-304
Let l(m) = 185*m**2 + 31*m + 19. Give l(-2).
697
Let v(y) = 15*y**2 + 139*y - 10328. Calculate v(22).
-10
Let x(y) = 2724561*y - 5449114. Calculate x(2).
8
Let k(i) = -3*i**3 - 260*i**2 + 963*i - 7. Determine k(0).
-7
Let o(u) = -u**3 - 4*u**2 + 222*u - 29. Give o(-17).
-46
Let v(i) = 6859*i - 2928813. Determine v(427).
-20
Let u(k) = 696*k + 5561. Calculate u(-8).
-7
Let r(h) = 7*h**2 + 220*h + 1202. Calculate r(-6).
134
Let d(w) = 972*w**2 - 7789*w + 23. What is d(8)?
-81
Let p(n) = 283648*n - 8793101. Give p(31).
-13
Let z(y) = 2*y**3 - 64*y**2 + 9*y - 332. Give z(32).
-44
Let b(o) = o**3 - 4*o**2 - 33325*o + 199915. Determine b(6).
37
Let k(h) = 14*h**2 + 1267*h + 4863. Determine k(-4).
19
Let o(b) = -246256*b + 1970051. Give o(8).
3
Let m(y) = y**3 + 61*y**2 - 228*y + 2053. Give m(-65).
-27
Let x(p) = -793*p - 34924. Give x(-44).
-32
Let g(z) = 190939*z + 954540. What is g(-5)?
-155
Let f(y) = 270*y**2 + 62912*y + 475. Determine f(-233).
9
Let k(y) = 1547330*y**2 - 4*y - 6. Give k(0).
-6
Let d(p) = -21*p**3 - 38*p**2 - 260*p - 530. Calculate d(-2).
6
Let y(v) = -3*v**2 + 887*v + 11384. Determine y(308).
-12
Let b(f) = 35*f**2 - 62*f + 141. Give b(4).
453
Let q(b) = 2*b**3 + 2858*b**2 + 14307*b + 271. What is q(-5)?
-64
Let i(t) = -2*t**2 - 23371*t + 280757. What is i(12)?
17
Let g(h) = 3*h**3 + 49*h**2 + 127*h + 380. Give g(-14).
-26
Let m(u) = -1422*u + 38704. Give m(26).
1732
Let c(r) = 2232246*r + 6696739. Give c(-3).
1
Let q(m) = -157*m + 1872. Calculate q(6).
930
Let q(b) = 2*b**3 - 18*b**2 + 59*b - 41. Give q(11).
1092
Let i(x) = 66551*x - 66562. Calculate i(1).
-11
Let t(n) = n**2 - 1743*n + 17368. What is t(10)?
38
Let o(u) = 2*u**3 + 167*u**2 - 152*u - 5693. Give o(-84).
19
Let q(f) = 10*f**2 + 34*f - 117. What is q(-14)?
1367
Let x(d) = -d**3 - 21*d**2 + 130*d + 3369. Calculate x(-17).
3
Let d(v) = v**2 + 312437*v + 12808234. Calculate d(-41).
-2
Let z(q) = -2*q**3 + 17*q**2 + 98*q - 9. Give z(13).
-256
Let v(k) = 43*k**3 + 75*k**2 + 9*k + 14. Calculate v(-2).
-48
Let b(t) = -335*t**2 + 27*t + 10. What is b(2)?
-1276
Let i(v) = -37*v**2 + 4330*v + 15. Give i(117).
132
Let d(l) = -22938*l**2 - 3280137*l - 427. What is d(-143)?
2
Let s(j) = j**3 + 514*j**2 - 22745*j - 404. Determine s(41).
6
Let l(r) = 4*r**3 - 396*r**2 + 389*r + 479. Calculate l(98).
185
Let k(r) = -2099*r + 31381. Give k(14).
1995
Let u(x) = -x**3 - 32*x**2 + 612*x - 46. What is u(-45)?
-1261
Let n(s) = 13948*s + 125212. Calculate n(-9).
-320
Let w(q) = 3*q**2 + 400*q + 1488. Determine w(-129).
-189
Let m(r) = -31*r**2 - 150*r + 3983. Determine m(-14).
7
Let q(c) = 8870*c - 61909. Determine q(7).
181
Let r(s) = -73092*s - 219390. Calculate r(-3).
-114
Let j(b) = 64525*b + 1548596. Determine j(-24).
-4
Let l(q) = 2*q**3 + 1152*q**2 + 221*q + 127292. Give l(-576).
-4
Let x(t) = -t**3 + 99*t**2 - 1755*t - 223. Determine x(76).
-755
Let k(z) = z**2 - 31455*z + 2322189. Determine k(74).
-5
Let t(u) = u**3 + 10*u**2 + 11*u - 49. Determine t(0).
-49
Let n(y) = -y**2 - 1362*y - 270133. Determine n(-241).
28
Let u(n) = -3980*n + 254726. Calculate u(64).
6
Let z(b) = 2799*b - 67092. Calculate z(24).
84
Let y(l) = 3*l**3 - 94*l**2 + 622*l + 79. What is y(27)?
7396
Let j(p) = 9*p**3 + 115*p**2 + 306*p + 607. Determine j(-10).
47
Let l(y) = 47*y - 2446. Determine l(65).
609
Let v(b) = 3001*b - 3. Give v(0).
-3
Let b(z) = -9880*z + 622403. Give b(63).
-37
Let l(k) = -4141*k + 131520. Determine l(32).
-992
Let i(r) = 31148*r - 872150. What is i(28)?
-6
Let i(g) = -g**2 + 417*g + 20583. Determine i(-44).
299
Let o(c) = -8167484*c + 8167476. Determine o(1).
-8
Let v(o) = -o**2 + 612*o - 7767. What is v(13)